+ 42. Let f = 15781 - 15733. Determine x(f).
-6
Let g(c) = -3*c**2 - 6*c - 11. Let k(o) = -4*o**2 - 12*o - 19. Let r(x) = 5*g(x) - 3*k(x). Calculate r(3).
-7
Let o(k) = -195 + 197 - 461*k**2 + 483*k**2 - 2*k. Determine o(-2).
94
Let b be (-153)/(-459)*1*(0 - 3). Let v(p) = -22*p + 3. Calculate v(b).
25
Let r(i) = -i**2 + 65*i + 672. Let x be r(74). Let b(d) = d**2 - 8*d + 5. Give b(x).
-7
Let g(u) = 2*u - 23. Suppose 5*r = 3*o + 89, 4*o - 65 - 38 = -5*r. Determine g(r).
15
Suppose 9464 = 235*z - 1418*z. Let j(x) be the third derivative of x**5/60 + 5*x**4/24 - x**3 + 2*x**2. Calculate j(z).
18
Let x(t) = t**2 + 20*t + 117. Let o be x(-9). Let v(f) = -2*f**2 + 37*f - 13. Calculate v(o).
5
Let j(p) = 7*p**2 + 2*p - 2. Suppose 14 = -b + 3*b. Let c be ((-20)/12)/(b/21). Let l(x) = 8*x**2 + 3*x - 2. Let v(t) = c*j(t) + 4*l(t). Calculate v(3).
-19
Suppose -19*h - 22 = -8*h. Let z(p) = 8*p + 25. Calculate z(h).
9
Let i(d) be the third derivative of -d**4/8 - d**3/2 + 4*d**2. Suppose -2*t - 4 = -34. Suppose -5*s + 5 = t. Calculate i(s).
3
Let x(y) = -y**3 + 6*y**2 + y - 7. Let n(c) = c**2 - 5. Let m(j) = -5*n(j) + x(j). Calculate m(0).
18
Let q(i) be the third derivative of -i**4/24 + i**3/3 - 55*i**2 + i. Let g be 4/5 + (-8)/(-40). Let t be g*(-1 - 0 - -1). Calculate q(t).
2
Let h be ((-5)/5)/(-1 + 21/18) - -3. Let z(q) = -2 - 5*q + 0*q - q**2 + 3. Calculate z(h).
7
Let k be (2 + 1)*(4 + (-848)/(-6)). Let d(f) = k*f - 435*f - 4 + 2. Calculate d(-5).
-7
Let y(i) = -i**3 + 7*i**2 - 4*i - 7. Let c(s) = -47*s + 15*s + 38*s. Let z be c(1). Calculate y(z).
5
Let p(i) be the first derivative of i**3/3 - 13*i**2/2 + 17*i - 1232. Give p(11).
-5
Let o(g) = 13*g - 87. Suppose -43 = -31*k + 150 + 55. Determine o(k).
17
Let s(t) = -t + 10. Let o = -583 + 587. Suppose -3*d - 20 = -o*v, 2*v - 12 + 14 = 0. Calculate s(d).
18
Let y(v) be the first derivative of -2*v**2 - v + 12. Let g be (-26)/(-533) - 756/369. Give y(g).
7
Let o(x) = -9*x**2 - 32*x + 32. Let v be (-12)/44*(-2068)/564. Give o(v).
-9
Let m = 1974 + -1975. Let r(i) = -44*i**3 + i**2 + 2*i. Determine r(m).
43
Let l(p) = p**3 + 2*p**2 - 7*p - 1. Let s(f) = f**2 - 77*f + 1435. Let x be s(32). Calculate l(x).
-41
Let x(f) = -f**3 + 2*f - 2. Let t = -1852 + 1856. Calculate x(t).
-58
Let r(z) = -4 + 21*z + 5 - 29027*z**2 + 30*z + 29023*z**2 - 4. Determine r(13).
-16
Let d(m) = 8*m - 5. Let l(t) = 1 - 5 + 8*t + 1 + 5 - 10*t. Let s(f) = d(f) + 3*l(f). Let u be 1/(-4) - (-25)/4. Determine s(u).
13
Let w = -16 - -18. Suppose w*n - 6 = -0*n. Let b(p) = -2*p - 1. Let z(g) = 6*g + 9. Let v(k) = -6*b(k) - z(k). What is v(n)?
15
Let g(z) = -z**2 + z. Suppose -103 = -9*b - 67. Let k(h) = 2*h - 4. Let t be k(b). Calculate g(t).
-12
Let i(w) = w**3 + 24*w**2 + w + 17. Let s = -8 - 16. Give i(s).
-7
Let p(f) = f**3 + f**2 - 16. Let y be (-114)/(-12) + -3 - (-9)/(-6). Suppose 0*i = -4*o - 3*i - 9, -y*i = 15. What is p(o)?
-16
Let r(q) be the second derivative of 1/20*q**5 + 0 - 1/3*q**4 + 2/3*q**3 - 47*q - q**2. What is r(4)?
14
Suppose j = -3*j + 24. Let v be 1106 + 6*4/j. Let z(q) = 2 - v*q + 6 + 1112*q. What is z(-7)?
-6
Let v be ((-107)/214)/((-2)/(-8)*2). Let l(q) = -q**2 + 2*q - 1. Let p(f) = -5*f**2 + 11*f - 15. Let b(y) = v*p(y) + 6*l(y). Determine b(0).
9
Let b(s) be the second derivative of -35*s + 1/6*s**3 + 3/2*s**2 + 0. Give b(-7).
-4
Let b(f) = -14*f**2 + 64*f - 7. Let m(c) = -26*c**2 + 113*c - 13. Let q(n) = 7*b(n) - 4*m(n). Calculate q(4).
83
Suppose -38 + 6 = 4*h. Let z be -2*(-14)/h*2. Let b(m) be the third derivative of m**6/120 + 2*m**5/15 + 5*m**4/24 - 7*m**3/6 - m**2 - 7. Determine b(z).
7
Let t = 423 + -416. Let b(v) be the second derivative of -v**5/20 + 2*v**4/3 - 4*v**3/3 + 3*v**2/2 + 61*v. Determine b(t).
-4
Let w(v) be the third derivative of -v**5/60 + v**4/4 + 7*v**3 - 5234*v**2. What is w(-7)?
-49
Let x(u) = -u**2 - 27*u - 62. Let v be x(-20). Suppose 318 = -40*i + v. Let y(o) = o - 5. What is y(i)?
-11
Let c(s) be the second derivative of s**5/20 + 5*s**4/3 + 11*s**3/2 - 45*s**2/2 - 21*s - 26. What is c(-18)?
9
Let i(b) be the first derivative of 11*b**2 - 2*b + 1250. Calculate i(2).
42
Suppose -13*f - 69 + 2123 = 0. Let t(p) = -1 - f*p + 2 + p**2 + 161*p + 0*p**2. Determine t(-3).
1
Let s(c) = 2*c + 38*c**3 - 1 - 41*c**3 + 5 - 271*c**2 + 270*c**2. Determine s(-2).
20
Let p(g) = 2113817*g - 2113774*g - 24 - 151. Determine p(4).
-3
Let g(m) be the second derivative of m**5/20 + 5*m**4/4 + 7*m**3/3 + 3*m**2/2 + 4*m + 2. Suppose 62 = -2*y + 34. Calculate g(y).
3
Let q(r) be the first derivative of -r**4/4 - 4*r**3/3 - r**2 - 5*r + 3. Let z be (-230 + 243 - (-1 - -8))/(6/(-4)). Determine q(z).
3
Suppose 0*d - d + 4*i - 17 = 0, -3*i + 12 = 0. Let v(r) = r**3 - 2*r**2 + 2*r + 3. Let l be v(d). Let w(z) = -3*z - 2. What is w(l)?
4
Let r = 22058 + -22055. Let i(h) be the first derivative of h**4/4 - 5*h**3/3 + 3*h**2/2 - h - 6. What is i(r)?
-10
Let o = -60 + 62. Let h(s) = -3*s + 48. Let k be h(-8). Let b(r) = -72 + 2*r - r**o + k. Calculate b(2).
0
Let s(g) be the second derivative of -g**4/12 - g**3/6 + 6*g. Suppose 2*i - 6*i + 2*i = i. Give s(i).
0
Let b be ((-30)/(-26) - 1) + (-3058)/(-3614). Let i(p) = -p - 3. Let q be i(-7). Suppose -q*c = -19 - b. Let a(m) = 4*m - 6. Calculate a(c).
14
Let r(u) be the third derivative of 0*u - 11/24*u**4 - 2/3*u**3 + 1/60*u**5 - 104*u**2 + 0. Determine r(11).
-4
Let g(l) = -8346 + 36*l + 8309 - 6*l. Give g(5).
113
Let h(l) = -6*l + 1. Suppose -7*t + 8*t - 2 = 0. Suppose t*f - 3*m = 13, 3*f - 19 = f + 5*m. Give h(f).
-11
Let n(l) = 3*l**2 - l. Let s(i) be the second derivative of -9*i**5/20 - i**4/12 + 22*i. Let a be s(-1). Suppose -9*k - a = -k. Calculate n(k).
4
Let b be ((-8)/6)/(4/(-21)) + -2. Let w(o) = -7*o + 25. Calculate w(b).
-10
Let o be (4 + -3)/((2 + -1)*-1). Let z be (o + (-194)/(-10))/((-6)/(-15)). Let n = -41 + z. Let k(g) = -2*g + 3. Give k(n).
-7
Let k(r) = -17*r + 3604 - 7219 - r**2 + 3610. What is k(-18)?
-23
Suppose 3*i - 44 = -8. Let d(j) = 5 - i*j + 13*j + 4 - 4. Give d(-7).
-2
Let k be (-6)/4*(-48)/(-18). Suppose 3*m + 11 + 20 = x, -2*x + m = -42. Let s(p) = -x + 19 + 4 + p. Calculate s(k).
0
Suppose -61*j = 67*j - 35*j + 93. Let w(f) = 19*f - 2. Let t(y) = -77*y + 9. Let b(u) = 2*t(u) + 9*w(u). Calculate b(j).
-17
Let v(q) = -q**3 + 24*q**2 + 25*q - 10. Let c be (5 + -9)*(3 + 259/(-28)). Give v(c).
-10
Suppose 62 - 114 = 13*p. Let h(s) be the first derivative of s**2 + 6*s - 1. What is h(p)?
-2
Let b = -3174 - -3176. Let d(n) = 7*n**3 - 2*n**2 + 4*n - 3. Determine d(b).
53
Let z(t) be the third derivative of -t**4/12 - 11*t**3 - 1664*t**2. Determine z(15).
-96
Let x(w) = -w - 1. Suppose -5*s + 4*s + 3*v + 2 = 0, -3*v - 8 = 5*s. Let z = -1 - 3. Let l(p) = 3*p + 13. Let a(u) = s*l(u) + z*x(u). Give a(8).
-1
Suppose -19*w = -24*w + 20, 0 = -5*t - 4*w - 79. Let d(l) = -l**3 - 18*l**2 + 18*l - 27. Determine d(t).
-8
Let h(r) = 29*r**3 + r**2 - 95*r - 94. Let k be h(-1). Let g(u) = -u**3 - 26*u**2 + 27*u + 36. Give g(k).
36
Let p(m) = 7*m - 403*m**2 + 412*m**2 + 1 + m. Let g(k) = -20*k**2 - 17*k - 2. Let d(j) = -6*g(j) - 13*p(j). What is d(-1)?
4
Let j = 6794 + -6786. Let o(z) = 1 + 0 + z**3 - 13*z**2 + 4*z**2 + 8*z. Determine o(j).
1
Let i(o) = -o**3 + 4*o**2 - 4. Let w(s) = 8*s + 28. Let n(c) = 2*c**2 + 26*c - 3. Let d be n(-13). Let a be w(d). Determine i(a).
-4
Let g = -3 - -14. Let v(n) = -g*n + 22*n + 4 + 2*n**2 - 11*n - 5*n. Give v(3).
7
Let s be (-15576)/(-616) - 4/14. Let h(f) = -4 + f - 3 + s - 2. Let a be (2 - (-2)/(-2)) + -8. Calculate h(a).
9
Let c(s) = -s**2 + 19*s + 48. Let k = 34662 + -34642. Calculate c(k).
28
Let a(q) = q**2 - 2*q - 1. Let g(l) = -l**2 - 11*l + 29. Let j be g(-13). Let i be a(j). Let u(c) = 3*c**2 + 3 - 5 + 2*c - 4*c + 1. What is u(i)?
7
Suppose 301 = -36*h - 383. Let i(r) = r**2 + 18*r - 15. Determine i(h).
4
Let d(i) = i - 2. Let v = 16 - -5. Let g = v - -17. Suppose 39*n = g*n + 6. Determine d(n).
4
Let j(p) = 2 - 2440200*p**2 + 2440185*p**2 - 3*p + p. Let c = -4 - -5. What is j(c)?
-15
Suppose 8*w - w = 63. Suppose 0 = -w*s + 6*s - 15. Let m be (0 + s + 4)*4. Let z(r) = -r**3 - 6*r**2 - 3*r + 3. Give z(m).
-17
Let t(d) = 2*d + 51. Suppose 4*i + i = 3*n + 3, n = 4. Suppose i*m = -57 - 15. Let o be 